?
11
Suppose -2*p - 2*n + 1106 = 0, -n = 59*p - 55*p - 2227. What is the highest common factor of p and 2?
2
Let x(r) = 23*r**3 + 2*r**2 + 83*r - 609. Let k be x(10). What is the greatest common divisor of k and 111?
111
Let q = -70 - -101. Let r be (-3)/(-6)*(-5 - -7). Let i(j) = 92*j**3 + 2*j**2 - 1. Let c be i(r). What is the highest common divisor of q and c?
31
Suppose -24 = 21*p - 108. Let q(y) = 102*y + 64. Let m be q(2). What is the greatest common factor of p and m?
4
Let b(x) = -15*x - 35. Let n = 38 - 34. Let z(s) = 46*s + 104. Let k(q) = n*z(q) + 11*b(q). Let r be k(11). What is the highest common divisor of r and 30?
30
Let i(b) = 19*b**2 - 1614*b - 79. Let u be i(85). Let f be 28/16 + (-2)/(-8). Let q(z) = 8*z - 1. Let c be q(f). Calculate the highest common factor of c and u.
3
Suppose -183 = -3*v - 301 + 250. What is the greatest common divisor of v and 506?
22
Suppose 3*j + 2*f - 29 - 41 = 0, -56 = -2*j - 6*f. Let u be (-6)/9 + (-664)/(-6). What is the greatest common divisor of j and u?
22
Suppose 5694 + 3330 = 8*s. Calculate the greatest common factor of 168 and s.
24
Let m(t) = -5*t**3 + 60*t + 5. Let d be m(-7). What is the greatest common divisor of 39 and d?
13
Suppose 289 = 3*z - 4*h, 4*h + 314 = 5*z - 157. Let o = -76656 + 76721. Calculate the greatest common factor of z and o.
13
Let j(f) = -18*f - 123. Let b be j(-7). Let i be 1*(-2 - -10)*b/8. Let k(v) = -v**3 - 5*v**2 + 1. Let h be k(-5). What is the highest common divisor of i and h?
1
Let j = 425 - 421. Suppose 2*a = j*s + 354, -3*s = 2*a - 4*s - 351. Calculate the greatest common divisor of a and 35.
35
Let r = 2138 - 2132. What is the greatest common divisor of r and 474?
6
Let a = -4 + 8. Suppose -60*s + 430 = -230. Let u be s - ((-1)/1 + a). What is the highest common factor of 24 and u?
8
Let q be 3/12 - 71/(-4). Let s be 4/6*(-945)/70*-18. What is the highest common divisor of q and s?
18
Let x(i) be the first derivative of -i**2/2 + 7*i - 16. Let k be x(13). Let b be 1/4 - k/24*87. Calculate the highest common divisor of b and 22.
22
Let a(c) = c**3 - 13*c**2 - 5*c - 18. Let n be a(14). Suppose 5*g + 5*z = 390, -4*z - 30 = -2*g + n. What is the greatest common divisor of 125 and g?
25
Let w be 1*10272 - (-127 - -109). What is the highest common factor of w and 280?
70
Let b be (-486)/(-270)*420/18. What is the highest common factor of 2954 and b?
14
Let q(h) = -20*h + 3*h**2 - 13*h**2 + 13*h**2 - 49. Let j be q(-5). What is the greatest common divisor of j and 168?
42
Let z be -1 + 5 - (-160)/5. Suppose 2*b + 2*q + z = 0, 0*b + 4*q + 7 = b. Let m be (-1 + b)/(-16 + 14). Calculate the greatest common divisor of m and 77.
7
Suppose -g = 2*g - 90. Let v(s) = 375*s - 8865. Let i be v(24). Calculate the greatest common factor of i and g.
15
Let g = -805 - -383. Let a = g - -526. What is the greatest common divisor of 91 and a?
13
Let h be 4/(4/2) - -22. Let i = -78 + 170. Suppose -i = -4*w - 4*d, d = -w - w + 47. Calculate the highest common divisor of w and h.
24
Let a be (4/(-10))/((-6)/180). Suppose 74*z - 2798 = 1198. Calculate the highest common factor of a and z.
6
Let d = -30 - -107. Let i(l) = l**3 + 5*l**2 - 7*l + 1. Suppose -2*j - 5 - 7 = 0. Let w be i(j). Calculate the greatest common divisor of d and w.
7
Suppose 0 = -510*u + 430*u + 245440. What is the highest common divisor of 295 and u?
59
Let m be -14 + -5*(-5391)/45. What is the greatest common factor of 104 and m?
13
Suppose 0 = h + 10*h - 22. Let k be (-15 + 46/3)/(h/9546). What is the greatest common divisor of k and 43?
43
Suppose 2*p = 6*p + 3*p. Suppose -12*y + 443 + 1477 = p. Calculate the greatest common factor of y and 10.
10
Let f(v) = -v**2 + 23*v + 32. Let c be f(22). Calculate the highest common factor of c and 3051.
27
Let g(m) = -3*m**3 + m**2. Let y be g(1). Let a be 23*(-2)/y - (-12)/4. Let q be ((-5)/(2 + 8))/((-2)/208). Calculate the greatest common divisor of a and q.
26
Let g be (-3)/4 - (-96)/128. Suppose -z - w + 65 = g, -5*z + 52 + 270 = 2*w. Calculate the greatest common factor of 4 and z.
4
Suppose 3*a - 103 = -1. Let n = a + -90. Let f = n + 64. Calculate the highest common divisor of f and 232.
8
Let o be (-1)/11 - 34/(-11). Suppose -4*x + o*f + 1286 = 0, -x = -6*x - 2*f + 1596. What is the greatest common factor of 20 and x?
20
Let u(o) = -2*o + 31. Let q be u(8). Suppose 10*y = q*y - 30. Suppose 3*r - y*r = -30. Calculate the greatest common divisor of r and 10.
10
Let w be (-54)/72 + 59036/16. What is the greatest common factor of w and 238?
119
Let x = -75 - -138. Suppose 0 = 4*n + 2*y - 40, 2*n + 5*n - 4*y = 55. Calculate the highest common divisor of x and n.
9
Let z = 131 + -124. Suppose 5*i - z = 1743. What is the highest common divisor of i and 70?
70
Let q = 36279 - 26634. What is the highest common divisor of 15 and q?
15
Suppose 0 = -5*z - 10, 21*z - 16*z = -5*l + 65. What is the greatest common divisor of l and 1285?
5
Let x = 38769 + -38767. Calculate the greatest common divisor of 2780 and x.
2
Suppose -3*g - 3*h + 81 = 0, 5*g + 7*h = 12*h + 145. What is the greatest common factor of g and 5012?
28
Let q be 0/((-2)/3 + 165/45). Suppose -2*o - j + 98 = -q*o, -96 = -2*o - 2*j. Calculate the highest common factor of o and 8.
2
Suppose 15*w - 1192 = -172. Suppose 0 = 4*y - w + 64. Suppose -11 = -5*q - y. What is the highest common factor of 16 and q?
2
Let s be ((-75)/(-4))/((-989)/(-92) - 10). What is the greatest common factor of s and 10775?
25
Let l = 204 - 200. Suppose -5*c + 175 = 5*n, 3*n - 140 = -0*n + l*c. What is the greatest common factor of 24 and n?
8
Suppose 4*g + 375 = -3*a + 1563, -314 = -g - 5*a. Suppose 3*h + 2*h - 105 = 0. Calculate the greatest common factor of h and g.
21
Let i be 292/16 + (-133)/(-76). What is the greatest common divisor of 1170 and i?
10
Let a be (-11)/66 - ((-321541)/198 + (-4)/18). What is the greatest common factor of a and 464?
232
Suppose 3*l = -13*o + 17*o + 1141, 0 = 4*o - 20. Calculate the highest common divisor of l and 43.
43
Let n = 0 - -5. Suppose q + 1 = 3*j - 3, 5*j = n*q. Suppose 171*t - 140 = 148 + 54. What is the greatest common divisor of t and q?
2
Let h be (-15)/6*7*10/(-25). Suppose 4*q - 190 = 2*o, -q + 5*o = 4*q - 230. Calculate the greatest common factor of h and q.
7
Suppose 9081*a - 9086*a = -2375. Calculate the highest common divisor of 75 and a.
25
Suppose -2*b = 14*j - 15*j - 3780, 0 = 5*b - 2*j - 9448. Let r be b/56 + 6/21. What is the highest common factor of 4 and r?
2
Let v = -158 + 83. Let h = -72 - v. Calculate the greatest common divisor of h and 6.
3
Suppose u - 6 = -0. Let h(d) = d + 32. Let f be h(u). What is the highest common divisor of f and 133?
19
Suppose -19*a = -3777 - 4089. Let t(h) = h**2 + 2*h - 6. Let n be t(-6). What is the greatest common divisor of a and n?
18
Let t = 11114 - 8873. Calculate the highest common factor of t and 81.
27
Suppose 7*i + 32*i = 78. Suppose r - 4*h = -3*r + 3260, -i*h - 10 = 0. What is the highest common factor of r and 15?
15
Suppose -2*j - 1176*u = -1177*u - 1, 0 = 3*j - 3*u. What is the greatest common divisor of 1 and j?
1
Let y be (1 - 0)/(330918/(-19467) + 17) - 2. What is the greatest common divisor of 10 and y?
5
Suppose -5*t - 3*j + 8611 = -4506, -3*t + 5*j + 7877 = 0. What is the highest common factor of t and 80?
16
Suppose -s + 4*i - 12 = 0, -s - 5*i = 2*s + 2. Let p be -1*(3 + 10) + (-3 - s). Let k = p - -37. What is the highest common factor of k and 75?
25
Suppose 12 + 0 = 2*i + 2*q, 4*i + 3*q - 22 = 0. Suppose -i*f + 102 = -f. What is the highest common divisor of 204 and f?
34
Suppose 3*u - 1 - 1 = 5*x, -4*u - 3 = -x. Let w(h) = -34*h + 11. Let t be w(u). What is the greatest common factor of t and 5?
5
Let i be (-4)/18 + (-7330)/(-18). Let l(m) = m**2 - 5218*m - 41734. Let w be l(-8). What is the highest common factor of i and w?
37
Suppose 3*z = -3 + 10 - 1. What is the highest common divisor of 402 and z?
2
Let y be (1 - -2 - 32/12)/((-13)/(-67626)). Calculate the greatest common factor of y and 816.
102
Suppose -4851 = 21*i - 30*i. Let y = i + -535. What is the highest common divisor of 26 and y?
2
Suppose 7*r + 29*r - 29808 = 0. What is the highest common factor of 966 and r?
138
Let i = 574 - 544. What is the hig